 - 18021 = -94*l. Is l composite?
False
Let u = 29514 + -10145. Is u a composite number?
True
Let x = -108508 - -501245. Is x a composite number?
False
Let d be (-2)/12 - (-3 + 104/(-48)). Suppose -4*c = d*v - 20341, 3*c + v - 15217 = 5*v. Is c a prime number?
False
Let b = 66662 - 22560. Is b composite?
True
Suppose -y + 18 = 2. Is -2*(-27272)/y + -2 a prime number?
True
Suppose -174*n = -172*n - 3*r - 4633, r = 2*n - 4623. Is n a prime number?
True
Suppose -73*s + 33867737 + 56310357 = 69*s. Is s composite?
False
Let q(a) = -35196*a**3 - 2*a**2 + 12*a + 17. Is q(-2) composite?
True
Let k(g) be the second derivative of 2005*g**3/3 + 63*g**2/2 - 201*g. Is k(10) composite?
False
Let u(r) = 28*r**3 - 9*r**2 + 20*r - 82. Is u(14) composite?
True
Let x = -26702 + 45219. Is x composite?
False
Let w(g) be the first derivative of -9*g**4/4 + 5*g**3/3 + 5*g**2 - 11*g + 113. Let z(m) = -m**2 + 9*m - 14. Let v be z(8). Is w(v) composite?
False
Suppose -3*h - 166586 = -4*p + 80832, 3*p + 5*h - 185549 = 0. Is p a composite number?
True
Let p(f) = -1. Let s(q) = -q + 20. Let d(z) = 4*p(z) + s(z). Let w be d(20). Is 41 - (5 - (-4)/w) a prime number?
True
Let z(g) = -g**3 + g + 1. Let y(q) = 11*q**3 - 24*q**2 - 18*q - 8. Let p(n) = y(n) + 2*z(n). Is p(7) a prime number?
False
Suppose 3057*m = 3047*m + 27210. Is m a prime number?
False
Let h(t) = -t**2 + 34*t - 163. Let j be h(28). Suppose 0 = -j*q - 5*x + 27020, q - 21*x + 23*x = 5409. Is q a prime number?
True
Suppose 994 = -w + 121. Let c = 782 - w. Is c a prime number?
False
Suppose 4*p + r - 405 = 2*p, 5*p = -r + 1020. Let n = p - -573. Is n prime?
False
Suppose c = 5*c - 2*a + 26, -a - 27 = 3*c. Let x(d) = 9*d**2 - 3*d - 6. Let h be x(c). Suppose -v - 242 = -3*v - 4*w, 0 = -5*v + w + h. Is v a prime number?
False
Suppose 6 + 11 = 3*z + m, 3*m = 3*z - 9. Suppose 4*a - 12 = -4, -s + 597 = z*a. Is s composite?
False
Let f(h) be the first derivative of 2564*h**2 - 25*h + 98. Is f(3) a prime number?
True
Let z = -41921 + 61098. Is z prime?
False
Let m = 1473 - 1482. Let c(n) = 7*n**2 + 0*n**3 - 8*n + 0*n**3 - n**3 - 1. Is c(m) a prime number?
True
Suppose -60*x + 17980395 = -12*x + 1741467. Is x a composite number?
True
Let i be -2 - ((-7704)/2)/2. Let z = i + -966. Is z prime?
False
Suppose -o + 53 = 5*z, 2*z - 23 = -z - 5*o. Is z + 156112/72 + (-2)/9 a prime number?
True
Let y(j) = 766*j + 6. Let i be ((-2)/(-6))/(-3 + 30/9). Let d be y(i). Suppose -d = -4*q + 3192. Is q prime?
True
Let s(j) = 2997*j**2 + 58*j - 108. Is s(7) a prime number?
True
Let v(h) = h**2 - 4*h + 5. Let z be v(4). Suppose 2*s = 2, z*q = -4*s + 8079 + 6320. Is q a composite number?
False
Suppose -4*j + 8697 = 5*v - 1262, 5*j - 3*v - 12458 = 0. Is j composite?
True
Is (-1 + -2)*(-33732758)/402 composite?
False
Let y(a) = -2*a + 2. Let w be y(-3). Suppose w = -6*z - 2*z. Is (3 - 2)/(-3*z/501) a composite number?
False
Let v = -7850 + 13017. Is v a composite number?
False
Let n(f) = 108*f**2 - 6*f + 2. Let b be n(5). Suppose b = -0*y + y. Suppose -4*k + 0*t = 4*t - 2684, -4*k = t - y. Is k prime?
False
Let l be ((-32)/20 + 2)/((-2)/50). Is (l/25)/((-3)/16755) composite?
True
Let y(h) = 2*h**3 + 8*h**2 + 218*h + 443. Is y(64) composite?
True
Let f(s) = 15*s**3 - 34*s**2 - 62*s - 46. Is f(15) prime?
True
Let s = 13583 - -7206. Is s a composite number?
False
Suppose -4*l - 18223 + 3255 = -4*o, -2*l - 7454 = 4*o. Suppose j = 4*a + 5*j - 35996, -4*j = 3*a - 27002. Let i = l + a. Is i a composite number?
True
Let a(d) = 255*d**2 - 78*d - 5789. Is a(-64) a prime number?
True
Suppose -5*y + p + 139916 = 0, -34*p + 28*p = 6. Is y a prime number?
True
Let d(x) = -527*x + 39. Let l be d(-8). Suppose 13*c = 8*c + l. Is c composite?
True
Suppose 2*m + 740734 = 2*n, -2*n + 1083429 = -4*m + 342707. Is n prime?
True
Let g = 499214 + -199407. Is g a prime number?
True
Is 150506/30 - (-312)/2340 a prime number?
False
Let g be 0*(0 + -5 + 6). Suppose -7*s + 5*s + 6558 = g. Let o = s - 1036. Is o composite?
False
Let i = -358 + 375. Suppose -v = 4*h - 42962, 2*h = 21*v - i*v + 21490. Is h composite?
True
Let x = -181195 + 333558. Is x a prime number?
True
Let u(y) = 32*y**2 + 3*y - 4. Suppose -3*i + 40 = -89. Let q = 46 - i. Is u(q) prime?
True
Let a(s) = -7*s**3 - 25*s**2 + 9*s + 34. Is a(-61) prime?
False
Let b(c) = -45*c - 39. Let h be b(14). Let t = 454 - h. Let k = t - 560. Is k composite?
False
Let a(q) = -6*q**3 - 7*q**2 - 10*q - 4. Let i = -47 + 51. Suppose 3*m + i*c = -25, -2*c - 19 - 18 = 5*m. Is a(m) a prime number?
False
Suppose -l + 1 = -2*b - 7, -14 = -l + 4*b. Suppose 0 = -l*z + 6. Suppose y - 121 = -2*v, 0 = z*y - 3*v + v - 387. Is y a prime number?
True
Let j be -1*(-35)/(3 + 2). Suppose j*d = 18320 + 734. Is d composite?
True
Suppose -35*q + 187863 = -167702. Is q prime?
True
Suppose -1785 = -3*f - 189. Suppose -8*o + f = -12. Suppose 5*h - 38 = w + o, 0 = -2*h + 5*w + 24. Is h a prime number?
False
Let b = 126 + -114. Is ((2 + 14225)/(6/b))/2 composite?
True
Let u(a) = 4*a**3 + 6*a**2 - 246*a + 403. Is u(36) a composite number?
False
Let r(v) = 156*v**2 + 12. Let a be (-12)/(-54) + 34/9. Let j be r(a). Suppose 0 = -4*t + 4*y + j, 1243 + 1269 = 4*t - 3*y. Is t prime?
True
Let o be 3/(-6 - -3) - -6. Suppose 0 = -k + 5*q + 12, 2*k - o = q + 1. Is 6 + -4 + k - (-53802)/14 prime?
True
Let r = -101 + 103. Suppose 3*b + 8836 + 3731 = 3*y, 0 = b + r. Is y prime?
False
Let w = -228 - -332. Suppose 8*v = -w - 8. Let f(a) = -56*a + 15. Is f(v) prime?
False
Let s(f) = -f**3 - 22*f**2 - 40*f - 2. Let o be s(-20). Let t be (o + 0)/(2/(-4)). Let q(l) = 13*l**2 + 2*l - 5. Is q(t) a composite number?
False
Suppose 3*s = m + 160434, 213922 = 4*s + 23*m - 21*m. Is s prime?
True
Let x = -275975 + 448156. Is x a prime number?
True
Suppose 0 = 5*h + 3*x - 2117990, 4*h = 5*x - 225169 + 1919598. Is h prime?
True
Suppose -34941 + 207379 = 5*v - 92152. Is v prime?
False
Is 27/(-9) - (-9 - 1555) a prime number?
False
Let c(x) = -172*x - 4. Let y be c(-5). Suppose y = 8*o - 7*o. Let v = 1375 - o. Is v composite?
True
Let b(w) be the third derivative of w**5/30 + 19*w**4/8 + 13*w**3/6 - 56*w**2. Is b(54) composite?
False
Suppose 11 - 1 = -2*k, -3*o + 5*k + 32386 = 0. Suppose -3*d - 4*m = -6481, 5*d + 4*m = m + o. Is d a composite number?
True
Let k(w) = -129*w**3 + w**2 + w. Is k(-3) composite?
True
Let r be (5 - -1) + 639/(-71). Is 542*58/4 - 12/r prime?
False
Is (35 - 36)/(((-3)/(-2739255)*5)/(-1)) composite?
False
Suppose -158*q - 79488 = -206*q. Let z = 0 - -2. Suppose 9170 = z*w - q. Is w prime?
True
Let x(s) = 5*s**2 - 45*s + 17. Suppose 4*c + 0*l = -5*l - 85, 100 = -5*c - 5*l. Is x(c) composite?
True
Let i be (3 - 175)/((-18)/(-14157)). Is (-2)/(-3) + i/(-78) composite?
True
Let m = 2166 - 1401. Suppose x + m - 2388 = 0. Let v = x + -856. Is v composite?
True
Let g(u) = 194*u**2 - 24*u + 131. Suppose -5*n + 20 = -15. Is g(n) composite?
True
Let n be 6/(-30) - 4*(-12)/15. Suppose 2*w + n*w - 15286 = -j, 5*w - j = 15284. Is w composite?
True
Let p = 27 - 17. Suppose j - 1 - p = 0. Suppose -j*c + 2122 = 593. Is c composite?
False
Suppose 3*b - 24 + 30 = 4*f, -5*f = 2*b - 19. Let d be (2 + -984)*(0 + -1). Suppose f*g = 1 + 2, -3*g - d = -z. Is z prime?
False
Let k(y) = y**2 + 9*y - 18. Let f be k(-10). Let v be 101176/32 - 2/f. Suppose v = 25*c - 19*c. Is c prime?
False
Suppose -x + m = -10, 0 = 3*x - 9*m + 5*m - 27. Suppose x*u - 13256 = 5*u. Is u a prime number?
True
Suppose 5*p = -4*m + 28, -5*m - 19 = 2*p - 71. Suppose m = 4*i + 16. Is (-1 - i - 751)*-1 prime?
True
Let z(b) = 60*b + 159. Let r be z(8). Suppose 0 = -3*n - 4*a + 17806 + r, a = -4*n + 24576. Is n prime?
True
Suppose -56*n - 257776 = -f - 59*n, n = f - 257780. Is f a composite number?
True
Suppose -2*x - 7 = -3*b, -3*x - b - b + 22 = 0. Let r be (1/2 - (-1)/x)*-8. Is 185*(2/r)/((-1)/3) prime?
False
Let z be (51/(-18))/(3/(-6))*3. Suppose 18*y = z*y + 31367. Is y composite?
True
Let o = 145 - -8884. Is o composite?
False
Let v = 198684 + -43493. Is v prime?
True
Suppose 5*s + 7535 = 5*r + 6*s, -2*s = 0. Suppose -x + r = -0*x. Suppose -4*w + 3625 + x = 0. Is w prime?
True
Let z = -275 - -280. Suppose -z*w = -4*i + 13417, -3*i + 10063 = -29*w + 25*w. Is i a composite number?
True
Let i = -78 + 8